f 755466764?
6
What is the ten millions digit of 219542163?
1
What is the hundred thousands digit of 291411003?
4
What is the millions digit of 3432680?
3
What is the ten millions digit of 49527753?
4
What is the ten millions digit of 7903167316?
0
What is the hundred thousands digit of 48235195?
2
What is the hundreds digit of 1710157816?
8
What is the ten thousands digit of 426811506?
1
What is the millions digit of 29758895?
9
What is the hundred millions digit of 1866605498?
8
What is the millions digit of 2689187026?
9
What is the hundred thousands digit of 20261531?
2
What is the thousands digit of 147142034?
2
What is the ten millions digit of 605689833?
0
What is the ten millions digit of 677924387?
7
What is the ten thousands digit of 53353810?
5
What is the thousands digit of 3108741?
8
What is the hundred thousands digit of 90614245?
6
What is the thousands digit of 584572416?
2
What is the units digit of 114445443?
3
What is the ten thousands digit of 64506009?
0
What is the hundred millions digit of 6747895442?
7
What is the hundred millions digit of 117709714?
1
What is the hundreds digit of 593714641?
6
What is the hundred millions digit of 136570890?
1
What is the ten millions digit of 713389606?
1
What is the ten thousands digit of 2125466549?
6
What is the thousands digit of 2552013525?
3
What is the tens digit of 4069850347?
4
What is the ten thousands digit of 610099018?
9
What is the millions digit of 1475794043?
5
What is the ten millions digit of 603634567?
0
What is the ten thousands digit of 1420096894?
9
What is the hundreds digit of 98259105?
1
What is the ten thousands digit of 1359197553?
9
What is the thousands digit of 55609690?
9
What is the tens digit of 47975231?
3
What is the hundred millions digit of 103474486?
1
What is the tens digit of 96734006?
0
What is the units digit of 941420978?
8
What is the hundred thousands digit of 641817527?
8
What is the hundreds digit of 32030725?
7
What is the hundred thousands digit of 25355355?
3
What is the tens digit of 1128489938?
3
What is the hundreds digit of 2390521394?
3
What is the ten millions digit of 46109243?
4
What is the units digit of 172248375?
5
What is the hundreds digit of 230210890?
8
What is the thousands digit of 36908882?
8
What is the thousands digit of 34129775?
9
What is the units digit of 142662640?
0
What is the hundred thousands digit of 86244168?
2
What is the hundreds digit of 14010372?
3
What is the hundred thousands digit of 225805899?
8
What is the units digit of 77569251?
1
What is the millions digit of 194077814?
4
What is the thousands digit of 12289031?
9
What is the units digit of 5437944246?
6
What is the hundreds digit of 44033464?
4
What is the hundred thousands digit of 49801557?
8
What is the units digit of 420290759?
9
What is the hundreds digit of 122434705?
7
What is the hundreds digit of 3152721354?
3
What is the ten thousands digit of 17758521?
5
What is the millions digit of 8434645571?
4
What is the tens digit of 372451537?
3
What is the hundred thousands digit of 420132962?
1
What is the thousands digit of 92569993?
9
What is the tens digit of 136195960?
6
What is the tens digit of 2329131010?
1
What is the ten thousands digit of 5366400091?
0
What is the ten thousands digit of 118145126?
4
What is the thousands digit of 75083276?
3
What is the millions digit of 1580920642?
0
What is the hundred thousands digit of 203274812?
2
What is the ten millions digit of 1634164995?
3
What is the thousands digit of 80888967?
8
What is the ten thousands digit of 877485769?
8
What is the hundred millions digit of 528722956?
5
What is the ten thousands digit of 92768651?
6
What is the ten millions digit of 455230360?
5
What is the hundred millions digit of 1867615031?
8
What is the units digit of 1611999935?
5
What is the thousands digit of 159508061?
8
What is the ten thousands digit of 181200127?
0
What is the tens digit of 4281580272?
7
What is the hundreds digit of 2343880325?
3
What is the ten millions digit of 230905491?
3
What is the hundreds digit of 48769223?
2
What is the hundreds digit of 3233398153?
1
What is the ten thousands digit of 4996611095?
1
What is the hundreds digit of 450128574?
5
What is the hundred thousands digit of 647816578?
8
What is the millions digit of 1098955608?
8
What is the thousands digit of 42966040?
6
What is the hundred millions digit of 1840720372?
8
What is the hundred thousands digit of 809389719?
3
What is the hundred thousands digit of 219676119?
6
What is the thousands digit of 69011834?
1
What is the thousands digit of 1312501838?
1
What is the ten millions digit of 72483035?
7
What is the billions digit of 1404792389?
1
What is the millions digit of 50801020?
0
What is the hundreds digit of 345928591?
5
What is the ten thousands digit of 68388381?
8
What is the ten thousands digit of 5478206756?
0
What is the ten millions digit of 37271630?
3
What is the units digit of 7293980744?
4
What is the thousands digit of 7249564?
9
What is the hundreds digit of 4679537017?
0
What is the ten thousands digit of 86111054?
1
What is the ten thousands digit of 72169936?
6
What is the tens digit of 528616511?
1
What is the ten thousands digit of 642373140?
7
What is the thousands digit of 229652166?
2
What is the ten millions digit of 10735563?
1
What is the thousands digit of 177644446?
4
What is the units digit of 22926694?
4
What is the ten millions digit of 590121212?
9
What is the tens digit of 106283950?
5
What is the thousands digit of 160888345?
8
What is the ten millions digit of 1095313987?
9
What is the tens digit of 368231867?
6
What is the ten millions digit of 2748900698?
4
What is the billions digit of 6408444163?
6
What is the millions digit of 3952642950?
2
What is the ten millions digit of 40050673?
4
What is the millions digit of 2055058466?
5
What is the tens digit of 644537680?
8
What is the hundreds digit of 1086280105?
1
What is the thousands digit of 646153056?
3
What is the hundred millions digit of 436236863?
4
What is the ten millions digit of 42576693?
4
What is the ten millions digit of 37451578?
3
What is the hundred thousands digit of 88942898?
9
What is the thousands digit of 2216886398?
6
What is the units digit of 1193712352?
2
What is the hundreds digit of 4139273622?
6
What is the tens digit of 3327187072?
7
What is the tens digit of 952236205?
0
What is the hundred thousands digit of 478953219?
9
What is the billions digit of 1109024975?
1
What is the tens digit of 159338698?
9
What is the hundred thousands digit of 492767487?
7
What is the hundred thousands digit of 17216919?
2
What is the thousands digit of 642058130?
8
What is the ten millions digit of 19496252?
1
What is the ten millions digit of 2309957203?
0
What is the tens digit of 1087457526?
2
What is the tens digit of 538305534?
3
What is the hundred thousands digit of 12462331?
4
What is the ten thousands digit of 2986465831?
6
What is the millions digit of 508757180?
8
What is the hundred millions digit of 148754712?
1
What is the ten thousands digit of 318755269?
5
What is the units digit of 3595327979?
9
What is the hundred millions digit of 6683571400?
6
What is the hundred millions digit of 1204035974?
2
What is the ten thousands digit of 489878416?
7
What is the thousands digit of 96474972?
4
What is the hundreds digit of 56278433?
4
What is the tens digit of 5817391151?
5
What is the hundred thousands digit of 78819095?
8
What is the hundred millions digit of 1130007040?
1
What is the thousands digit of 53102194?
2
What is the units digit of 86348193?
3
What is the tens digit of 175486140?
4
What is the hundred thousands digit of 58918198?
9
What is the tens digit of 1696199579?
7
What is the units digit of 64828639?
9
What is the ten millions digit of 7007535778?
0
What is the tens digit of 98250635?
3
What is the thousands digit of 226363515?
3
What is the millions digit of 57206753?
7
What is the thousands digit of 425492258?
2
What is the millions digit of 768820107?
8
What is the ten thousands digit of 1588187455?
8
What is the hundred millions digit of 479583354?
4
What is the hundred millions digit of 7219024666?
2
What is the units digit of 1807063560?
0
What is the millions digit of